= 5*k + 28. Is n a prime number?
False
Suppose 0*i - 3*i = 0. Suppose 4*f + 2*b = -66, i = -6*f + 2*f + 2*b - 62. Let s = f - -55. Is s a prime number?
False
Let g = -641 - -1109. Suppose -3*x + 693 = -3*m, 4*x - g = 2*x - m. Is x prime?
True
Let w(r) be the second derivative of r**4/6 - r**3/6 - 3*r**2 + r. Is w(5) composite?
True
Suppose 36 = 4*c - 4*k, 3*c - k - 30 = -c. Suppose -3*o - 124 = -c*o. Is o prime?
True
Let y(k) be the third derivative of 1/6*k**3 + 1/12*k**4 + 0*k - 3*k**2 + 0 - 1/30*k**5 + 1/12*k**6. Is y(2) a prime number?
False
Let h(n) = -n**3 - 2*n**2 - n. Let k be h(-2). Suppose -128 = -3*y - y - 2*x, -5*x = -k*y + 76. Is 2/(6/3) + y a composite number?
True
Let d be ((-2)/2)/((-1)/(-228)). Let x = 699 + d. Suppose 3*y = -2*p - p + 492, -3*p + x = -4*y. Is p a composite number?
True
Suppose x - 214 - 142 = 0. Suppose t = -3*t + x. Is t a composite number?
False
Suppose 3*n - 4194 = -3*k, -4*n + 7*n - 2797 = -2*k. Is k prime?
False
Let w(x) = x**2 - 8*x + 3. Let f be w(8). Suppose d = -0*q + 2*q + 3, -f*q = -4*d + 7. Is (-266)/(-6)*(4 - d) composite?
True
Is (-18)/27 - (-1606)/6 a composite number?
True
Let w(z) = 3*z**3 - 4*z**2 + 7*z + 2. Let s be w(6). Suppose 4*n = -4*f + s, -2*f + 9 + 1 = 0. Let k = -77 + n. Is k a prime number?
False
Suppose 2*v - 7 + 3 = 0, -4*v = -x + 271. Suppose 3*l = 3*b - x, 8 + 352 = 4*b - l. Is b composite?
False
Is (-8894)/(-14) - (-32)/(-112) prime?
False
Let v = 5 - 2. Suppose 0 = -v*y + 88 + 77. Is y a prime number?
False
Let a(c) = 2*c - 2. Let m be a(4). Let w(l) = -7*l - 1. Let k(f) = -14*f - 1. Let s(x) = -6*k(x) + 11*w(x). Is s(m) prime?
True
Let o(d) = -127*d + 4. Let n be o(5). Is 4/2*n/(-2) prime?
True
Let i be 58 - (3 - (3 - 2)). Let d = i + -31. Is d a prime number?
False
Let i = 20 - -191. Is i a prime number?
True
Suppose 2*t = 5*t + 18. Is 2*(1 + (-1215)/t) a composite number?
True
Let g(j) = 3*j**3 + j**2 - 1. Let s be g(1). Suppose -56 = -v + s*x + 138, 2*v + x = 374. Suppose 0 = -0*u - 4*u + v. Is u a prime number?
True
Let d be (3 + -4 + -150)*1. Let y = -54 - d. Is y a prime number?
True
Let r(x) = x**2 - 5. Let j be r(0). Let h(t) = 4*t**2 - 4*t - 1. Is h(j) prime?
False
Let f = 226 + 153. Is f composite?
False
Let y(r) = -r**3 - 7*r**2 - 7*r - 4. Let c be y(-6). Is ((-1)/(-3))/(c/534) prime?
True
Is ((-16118)/(-4))/(2/4) prime?
True
Let i = -3 - -5. Suppose i*r - 11 = 73. Is r/9*(1 - -2) a prime number?
False
Let f(l) = -3*l + 1. Let r be f(1). Is r/7 + 3264/56 a composite number?
True
Let b(q) = 4*q**2 - q - 5. Let p(x) = x**2 - 7*x - 4. Suppose 40 = z + 4*z. Let n be p(z). Is b(n) a composite number?
True
Let d(a) = -151*a**3 - a**2. Let l be d(-1). Suppose -5*z + 9 = -11, -l = -5*v - 5*z. Is v a prime number?
False
Let j = 19 - 33. Let i = 51 + j. Is i composite?
False
Suppose 3*r = 2*m - 307, -730 = -5*m - 6*r + r. Is m prime?
True
Let a(y) = -y**3 - 341. Let f be a(0). Let z = 712 + f. Is z composite?
True
Suppose 3*j - 8*j + 15 = 0. Suppose 6*a - 147 = j*a. Is a prime?
False
Suppose 0 = 2*j + o - 2296, 2*o = 2*j - 3*o - 2308. Is j a composite number?
True
Let j = -22 - -24. Suppose -5*l + 1551 = -j*l. Is l a composite number?
True
Let f(w) = -12*w - 7. Is f(-5) composite?
False
Suppose 0 = -6*k + 3*k + 3*s + 57, -35 = -2*k + 5*s. Suppose k = 2*f + 2*f. Suppose -5*b + 128 = -3*u - 356, 4*b = f*u + 395. Is b composite?
True
Let g(i) = 2*i**3 - 5*i**2 - 4*i + 4. Let v be g(-4). Suppose -f + 2*k - 291 = 0, 5*k - 299 = 4*f + 877. Let s = v - f. Is s a prime number?
False
Suppose -l - 3*t = -0*l - 209, 2*l - 418 = 2*t. Is l a composite number?
True
Suppose -3*g + 623 = 4*g. Is g a prime number?
True
Suppose -5*c + 21 = -9. Suppose c*s - 5*s = 265. Is s a composite number?
True
Suppose 2*a = -2*x + 9818, -2*x = -3*x - 5*a + 4917. Is x a prime number?
False
Let u = 17 - 20. Let p(y) = 32*y**2 + 3. Is p(u) composite?
True
Let w = -45 + 13. Let q = 54 + w. Is q composite?
True
Let q(m) = -2*m - m**2 + 8*m + m**3 + 0*m**2 - 5. Suppose 0 = 4*o - 2*g - 24, 4*g = -3*o - 0*g - 4. Is q(o) prime?
True
Let l be -3*(3 - 33/9). Suppose 0*n - 130 = -l*n. Is n composite?
True
Let y = -20 - -11. Is y/(-6)*2 + 20 composite?
False
Suppose 3*z - 2860 - 2216 = 0. Let n be (-4)/(-6) + 13/3. Suppose -427 = n*h - z. Is h a composite number?
True
Is (4 - 2135/(-25))*(5 - 0) a prime number?
False
Let f be (-3 - 39)*(-1329)/(-6). Is f/14*(-2)/3 a prime number?
True
Let q = -12 + 18. Is (-4)/q + 4697/21 composite?
False
Let t(o) = -13*o + 8. Let j be t(-6). Let f be 61*-1 + 0/(-1). Let z = j + f. Is z a prime number?
False
Let n = -2977 + 5510. Is n composite?
True
Suppose 524 + 1098 = 2*n. Suppose 4*t = n - 179. Is t a prime number?
False
Is (3 + -4)*(-1 - 408) a composite number?
False
Let a(q) = -3*q - 5. Let j be a(-6). Let d(z) = -7*z**2 - 2*z + 9. Let l(o) = 15*o**2 + 5*o - 19. Let i(v) = j*d(v) + 6*l(v). Is i(4) composite?
False
Let s = -3 + 34. Is s prime?
True
Suppose -3*f + f + 1670 = 0. Is f prime?
False
Let n(h) be the third derivative of -h**4/8 + 5*h**3/6 - 9*h**2. Let s(w) = 2*w + 2. Let k be s(-4). Is n(k) prime?
True
Suppose 4*o + 0*o = 160. Suppose 3*w + o = -0*a + 2*a, a + 2*w = 6. Is a a composite number?
True
Suppose -2*d = 3*d + 1295. Let k be (-3)/(1/(-470)*3). Let u = k + d. Is u a composite number?
False
Let d(a) = -a**3 + 5*a**2 + 8*a - 8. Let r be d(6). Suppose 2*y - 3 = -r*c + 9, y - 5*c + 15 = 0. Suppose -5*v = 20, 2*p + 2*v + 1 + 1 = y. Is p prime?
True
Suppose -2*s - 1 = -5*s - h, -3*s - 3*h = 9. Suppose 0 = 2*x - s*f + 25 + 11, -2*f = -8. Is 6/21 + (-318)/x a prime number?
True
Let r be ((-10)/(-3))/(8/12). Suppose r*m + 127 = 1247. Is m/6 + (-6)/18 a prime number?
True
Is ((27524/8)/(-7))/((-2)/4) a prime number?
True
Suppose 7*z - 25 = 2*z. Suppose f - z*f + 2*j = -1182, -881 = -3*f - 4*j. Is f composite?
True
Is 0 + 0 - (-33 + -2780) a composite number?
True
Suppose -3*g + 152 = 2*t - t, -46 = -g - 5*t. Is g a composite number?
True
Suppose 0 = h + 4*h + 5*c, -15 = -h + 2*c. Let z(m) = m**3 - 4*m**2 - 7*m + 3. Let i be z(h). Let t(w) = -2*w - 1. Is t(i) a composite number?
False
Let y(u) be the second derivative of 8*u**3/3 + 3*u**2/2 + u. Is y(7) a composite number?
True
Let s(m) = 4*m**2 + m - 4. Let p = -15 - -18. Is s(p) a prime number?
False
Let k(f) = -f - 8. Let u be k(-12). Suppose -h + 1 = -u. Suppose -3*w + 5*c + 221 = -2*w, 0 = h*c + 10. Is w a composite number?
False
Let k(q) = q**3 - q**2 + q - 1. Let x be k(1). Suppose x*n + 12 = 4*n. Suppose 0 = -2*i - i + 3*v + 102, -n*i = 3*v - 96. Is i a composite number?
True
Suppose -5*r = -3497 - 2258. Suppose -253 + r = 2*s. Is s a prime number?
True
Suppose 0 = -2*u + z + 69, z = u + 3*z - 42. Let q be 8/u - (-25)/9. Is ((-205)/2)/(q/(-6)) a composite number?
True
Let g(b) = 4*b**2 + 2. Let a be g(2). Is 14/(-63) - (-40)/a a composite number?
False
Let w = 9 - 5. Suppose g = 4*g + w*u + 520, 5*g = 3*u - 915. Let a = 307 + g. Is a composite?
False
Suppose -7*y + 2*y = 10. Let q be ((-1)/2)/(y/8). Is (q/(-6))/(3/(-1143)) composite?
False
Is 1221/4 - 2/8 prime?
False
Let o(s) = s - 1. Let g(j) = -235*j + 282. Let m be 188/4*(-12)/(-2). Let r(y) = m*o(y) + g(y). Is r(1) prime?
True
Is (-23)/(-69) - (-12160)/6 a prime number?
True
Let g(u) = u**3 + 6*u**2 + 8. Let b be g(-6). Suppose k - 3*k + b = 0. Suppose -k*w = 0, 3*d - 2*w + 5*w = 57. Is d composite?
False
Let w = 138 + 1339. Is w composite?
True
Let k = 19 - 7. Suppose 7*u + k = 3*u. Is ((-19)/(-4))/(u/(-12)) prime?
True
Is 2/(3/(-9)*(-3)/137) prime?
False
Let m be 3/12 - (-1)/(-4). Let p be ((m + 1)*3)/1. Is ((-57)/12)/(p/(-12)) a composite number?
False
Let w(d) = -d**3 - 2*d**2 + 2. Let j be w(-2). Suppose o - 4*t - 26 = 0, -16 = -j*o - 3*t + 2*t. Suppose 2*x = 3*x - o. Is x a prime number?
False
Let k = -23 - -57. Is k composite?
True
Let r(z) = -z - 3. Let b be r(-7). Suppose -b*h + 2*f = 278, 3*h + h + 2*f + 298 = 0. Let y = 103 + h. Is y composite?
False
Let x(t) = -121*t**3 - t**2 + 2*t - 1. Let j = 1 + 0. Let w be x(j). Let d = w - -218. Is d a prime number?
True
Let s = 31 + -43. Let l = 29 + 14. Let m = s + l. Is m composite?
False
Suppose -2073 = -4*b + 739. Is b composite?
True
Let b be 2/7 + 26/7. Suppose 4*i - 2*t = 2, -t + 6*t = -b*i +